?
8
What is the remainder when 102 is divided by 62?
40
What is the remainder when 176 is divided by 9?
5
Calculate the remainder when 14653 is divided by 27.
19
Calculate the remainder when 2345 is divided by 23.
22
Calculate the remainder when 21502 is divided by 56.
54
Calculate the remainder when 3182 is divided by 1580.
22
Calculate the remainder when 163 is divided by 12.
7
Calculate the remainder when 120 is divided by 36.
12
Calculate the remainder when 36 is divided by 19.
17
What is the remainder when 2027 is divided by 29?
26
Calculate the remainder when 541 is divided by 172.
25
What is the remainder when 76 is divided by 31?
14
Calculate the remainder when 57 is divided by 28.
1
What is the remainder when 1888 is divided by 63?
61
Calculate the remainder when 169 is divided by 58.
53
What is the remainder when 1548 is divided by 174?
156
Calculate the remainder when 22769 is divided by 110.
109
What is the remainder when 391 is divided by 132?
127
Calculate the remainder when 40 is divided by 14.
12
What is the remainder when 680 is divided by 231?
218
What is the remainder when 5233 is divided by 30?
13
Calculate the remainder when 155 is divided by 19.
3
Calculate the remainder when 1165 is divided by 16.
13
Calculate the remainder when 23847 is divided by 150.
147
Calculate the remainder when 2987 is divided by 372.
11
Calculate the remainder when 382 is divided by 16.
14
Calculate the remainder when 262 is divided by 28.
10
What is the remainder when 3247 is divided by 116?
115
Calculate the remainder when 379 is divided by 131.
117
What is the remainder when 167 is divided by 46?
29
Calculate the remainder when 451 is divided by 94.
75
Calculate the remainder when 215 is divided by 61.
32
What is the remainder when 5 is divided by 4?
1
Calculate the remainder when 1307 is divided by 164.
159
Calculate the remainder when 11 is divided by 6.
5
What is the remainder when 247 is divided by 83?
81
Calculate the remainder when 300 is divided by 102.
96
Calculate the remainder when 220 is divided by 17.
16
Calculate the remainder when 87 is divided by 32.
23
Calculate the remainder when 80 is divided by 22.
14
Calculate the remainder when 921 is divided by 77.
74
What is the remainder when 111 is divided by 26?
7
Calculate the remainder when 61 is divided by 21.
19
Calculate the remainder when 1127 is divided by 1106.
21
What is the remainder when 213 is divided by 51?
9
Calculate the remainder when 428 is divided by 55.
43
Calculate the remainder when 18 is divided by 7.
4
Calculate the remainder when 4 is divided by 3.
1
What is the remainder when 61 is divided by 13?
9
What is the remainder when 86 is divided by 36?
14
Calculate the remainder when 2861 is divided by 41.
32
What is the remainder when 303 is divided by 63?
51
Calculate the remainder when 318 is divided by 99.
21
Calculate the remainder when 132 is divided by 33.
0
What is the remainder when 2468 is divided by 13?
11
Calculate the remainder when 249 is divided by 90.
69
Calculate the remainder when 229 is divided by 150.
79
Calculate the remainder when 1698 is divided by 46.
42
Calculate the remainder when 44 is divided by 36.
8
Calculate the remainder when 863 is divided by 3.
2
What is the remainder when 1100 is divided by 38?
36
What is the remainder when 1442 is divided by 26?
12
Calculate the remainder when 446 is divided by 60.
26
Calculate the remainder when 185 is divided by 168.
17
Calculate the remainder when 77 is divided by 12.
5
What is the remainder when 41 is divided by 5?
1
Calculate the remainder when 131 is divided by 129.
2
Calculate the remainder when 1532 is divided by 32.
28
Calculate the remainder when 536 is divided by 34.
26
What is the remainder when 2859 is divided by 11?
10
What is the remainder when 5696 is divided by 139?
136
Calculate the remainder when 402 is divided by 15.
12
What is the remainder when 1341 is divided by 19?
11
What is the remainder when 54 is divided by 47?
7
Calculate the remainder when 247 is divided by 9.
4
Calculate the remainder when 847 is divided by 45.
37
Calculate the remainder when 116 is divided by 32.
20
What is the remainder when 441 is divided by 138?
27
Calculate the remainder when 1718 is divided by 82.
78
Calculate the remainder when 192 is divided by 15.
12
What is the remainder when 265 is divided by 89?
87
What is the remainder when 78 is divided by 39?
0
What is the remainder when 6461 is divided by 16?
13
Calculate the remainder when 5509 is divided by 197.
190
What is the remainder when 987 is divided by 18?
15
Calculate the remainder when 1012 is divided by 140.
32
What is the remainder when 90 is divided by 37?
16
What is the remainder when 2494 is divided by 13?
11
Calculate the remainder when 65685 is divided by 119.
116
What is the remainder when 1198 is divided by 246?
214
Calculate the remainder when 483 is divided by 11.
10
Calculate the remainder when 541 is divided by 352.
189
What is the remainder when 37 is divided by 11?
4
What is the remainder when 2682 is divided by 884?
30
What is the remainder when 133 is divided by 82?
51
Calculate the remainder when 1195 is divided by 1193.
2
Calculate the remainder when 530 is divided by 13.
10
What is the remainder when 141 is divided by 51?
39
Calculate the remainder when 4414 is divided by 16.
14
What is the remainder when 530 is divided by 134?
128
Calculate the remainder when 24621 is divided by 57.
54
Calculate the remainder when 3948 is divided by 158.
156
Calculate the remainder when 173 is divided by 20.
13
What is the remainder when 4533 is divided by 14?
11
What is the remainder when 702 is divided by 142?
134
Calculate the remainder when 806 is divided by 45.
41
Calculate the remainder when 198 is divided by 59.
21
What is the remainder when 955 is divided by 97?
82
What is the remainder when 1293 is divided by 189?
159
Calculate the remainder when 657 is divided by 93.
6
Calculate the remainder when 596 is divided by 84.
8
Calculate the remainder when 2572 is divided by 23.
19
What is the remainder when 35726 is divided by 29?
27
What is the remainder when 93 is divided by 28?
9
What is the remainder when 149 is divided by 50?
49
Calculate the remainder when 1363 is divided by 52.
11
What is the remainder when 427 is divided by 18?
13
Calculate the remainder when 2534 is divided by 169.
168
What is the remainder when 1166 is divided by 1160?
6
Calculate the remainder when 675 is divided by 136.
131
What is the remainder when 508 is divided by 102?
100
Calculate the remainder when 22 is divided by 3.
1
What is the remainder when 67 is divided by 25?
17
Calculate the remainder when 1419 is divided by 79.
76
What is the remainder when 5159 is divided by 178?
175
What is the remainder when 346 is divided by 116?
114
What is the remainder when 255 is divided by 88?
79
Calculate the remainder when 950 is divided by 161.
145
What is the remainder when 867 is divided by 23?
16
Calculate the remainder when 134 is divided by 55.
24
Calculate the remainder when 3474 is divided by 61.
58
Calculate the remainder when 6092 is divided by 115.
112
What is the remainder when 235 is divided by 119?
116
Calculate the remainder when 7259 is divided by 110.
109
Calculate the remainder when 150 is divided by 71.
8
Calculate the remainder when 136 is divided by 14.
10
Calculate the remainder when 4062 is divided by 18.
12
What is the remainder when 765 is divided by 43?
34
What is the remainder when 453 is divided by 192?
69
What is the remainder when 356 is divided by 34?
16
Calculate the remainder when 141 is divided by 44.
9
Calculate the remainder when 389 is divided by 7.
4
Calculate the remainder when 199 is divided by 17.
12
Calculate the remainder when 1835 is divided by 51.
50
What is the remainder when 200 is divided by 9?
2
What is the remainder when 263 is divided by 36?
11
Calculate the remainder when 780 is divided by 478.
302
What is the remainder when 6768 is divided by 113?
101
What is the remainder when 1603 is divided by 93?
22
Calculate the remainder when 56 is divided by 26.
4
What is the remainder when 199 is divided by 51?
46
What is the remainder when 382 is divided by 32?
30
Calculate the remainder when 89 is divided by 